 is the tens digit of i?
1
Suppose -7*b + 92 = -48. Suppose 15*g = -b*g + 6755. What is the tens digit of g?
9
Let n(l) = 2*l**2 + l**3 - 3*l**3 - 42*l + 114 + 44*l. Let g be (-6)/2 + 3 - 0. What is the units digit of n(g)?
4
Let j(p) = -2*p**2 + 15*p + 28. Let x be j(-2). What is the units digit of x/2*((-2 - -8) + -80)?
0
Let q be -6 + ((-10)/(-8))/(-5)*-8. Let o(r) = 4*r**2 + 8*r + 1. Let a(g) = -8*g**2 - 16*g - 2. Let h(m) = q*a(m) - 7*o(m). What is the units digit of h(-7)?
1
Suppose 5*o + 4*v = 7*o + 556, 0 = o + 4*v + 278. Let x = o - -725. What is the tens digit of x?
4
Suppose 0 = -2*i + 3*f - 30309, 5*i - 5*f - 11501 = -87281. What is the hundreds digit of 20/150 - i/45?
3
Suppose 10 = -4*x - 2*z, 0 = x + 2*z + 4. Let l be (6693/(-46))/(1/x). Suppose -l = -k - 109. What is the tens digit of k?
8
Let j = 10077 + -7077. Suppose 2*y = -2*y + j. What is the units digit of y?
0
Let f(a) = 938*a - 120. Let s be f(6). Suppose 11*t = -t + s. What is the units digit of t?
9
Let v be -6 - (9 - 15) - -3. Suppose -2*s + s + 1737 = v*w, -s = 4*w - 1732. What is the units digit of s?
2
Let x(y) = -y**3 - 5*y**2 - 54*y - 156. What is the hundreds digit of x(-16)?
5
Suppose 21*b - 18*b + 133431 = 3*w, -4*w = -3*b - 177900. What is the units digit of w?
9
Let h = 1141 - 356. Let g = h + 95. What is the hundreds digit of g?
8
Let j = 27140 - 3756. What is the thousands digit of j?
3
Let p = -22617 + 53391. What is the tens digit of p?
7
What is the units digit of 3/(-81)*6 + 19*7647/27?
1
Let l = 6167 + 9555. What is the units digit of l?
2
What is the hundreds digit of 5 - 12591*((-18)/(-90))/(3/(-5))?
2
Suppose -119*w + 48*w = -126*w + 3128455. What is the tens digit of w?
8
Let d be (15/(-10))/(-3)*1*-2. Let p be ((-3 - -1)/2*2)/d. Suppose -h + 23 = 4*u, 4*u - 46 = -p*h + u. What is the units digit of h?
3
Let d(x) = -10*x + 24. Suppose -4*j = -c + 1, -j = -7*c + 2*c + 100. Let m = -28 + c. What is the units digit of d(m)?
4
Let a(v) = 29*v**3 + 3*v**2 + 5*v + 46. What is the units digit of a(9)?
5
Let s(m) = -5. Let f(w) = -w. Let z(p) = 2*f(p) + s(p). Let a be z(-4). Suppose -2*y + 5*n - 45 = -a*y, -2*y - 2*n = -130. What is the units digit of y?
0
Let i(r) be the first derivative of 3*r**4/4 + 4*r**3/3 - r**2/2 - 6*r + 107. What is the units digit of i(4)?
6
Let i = 523 + 9611. What is the hundreds digit of i?
1
Suppose -3*f + 31 = 1. Let q be 26/f*(0 + 5). What is the units digit of (-1 + -1)*5/5 + q?
1
Let q be (2 + -1 - 4)/3 - -4. Suppose q*c - h = 160, 4*c - 110 = h + 104. What is the units digit of c?
4
Let b(q) = q**3 - 8*q**2 + 9*q - 42. Suppose -4*r + 49 = 1. What is the tens digit of b(r)?
4
Let n be 3746*1 - (-40)/((-100)/(-10)). Suppose 0 = 5*r - n - 740. What is the tens digit of r?
9
Suppose 34 = -2*f + 48, f = -v + 23438. What is the tens digit of v?
3
Suppose 0 = 38*r - 10*r - 13*r - 107010. What is the tens digit of r?
3
Let r(l) = -l**2 + 101*l + 1384. What is the thousands digit of r(97)?
1
Let o(r) = 20491*r**3 + 26*r**2 - 21*r - 3. What is the tens digit of o(1)?
9
Let y(r) = 32*r**2 - 2*r + 1. Let k be y(1). Let m(t) = -t**2 + 25*t - 63. Let l be m(16). Let s = k + l. What is the hundreds digit of s?
1
Let l = 577 - 582. What is the tens digit of (-5658)/l - (-7)/((-245)/(-14))?
3
Let h(j) = -j**2 + 3*j + 1. Let f be h(3). Let d = f + 1. Suppose 0 = -5*k + 20, -4*n - d*k + 297 - 101 = 0. What is the units digit of n?
7
What is the units digit of (20/(-30) - 1)/(5/(-14901))?
7
Let j be ((-12)/10)/(2/(-20)). Suppose -j*f + 4816 + 6104 = 0. What is the tens digit of f?
1
Suppose 0*k + 2*k = 4*p - 6, 5*k - 11 = -3*p. Suppose -9 - 1 = -w - 3*v, 0 = -3*w + 2*v - 25. What is the units digit of (-4 - 1)*(p - (-18)/w)?
8
Suppose -o + 2682 = k, 2*k = 92*o - 93*o + 2689. What is the units digit of o?
5
Let r(k) = -18*k**3 - 8*k**2 + 7*k + 4. Let t(x) = 35*x**3 + 16*x**2 - 14*x - 10. Let c(i) = -7*r(i) - 3*t(i). What is the units digit of c(3)?
0
Let m(f) = 16*f - 16. What is the tens digit of m(61)?
6
Suppose 4463 = n - 3195. What is the thousands digit of n?
7
Suppose 138*v - 137*v = 10. Suppose -14 = -2*f + v. Suppose 21*t - 27 = f*t. What is the units digit of t?
3
Suppose -221*s + 220*s + 2051 = 0. What is the tens digit of s?
5
Let j = 696 - -704. Suppose 5*o + 4*b = 1382, 5*o - j = 5*b - 0*b. What is the hundreds digit of o?
2
Let d(h) = -h**3 + 7*h**2 - 14*h - 42. Let i be d(-9). Let c = i + -364. What is the hundreds digit of c?
0
Let v = -19509 - -41402. What is the hundreds digit of v?
8
Let n(a) = -a**3 + a**2 + 3. Suppose 16*z - 8 = 12*z. Let v be n(z). What is the tens digit of 123*(v - -4 - -1)/3?
6
Suppose -5*v + 45 + 10 = 0. Suppose -3*s = -v*s + 128. Suppose 20 = -3*m + 8*m - 3*u, 4*m - s = 5*u. What is the units digit of m?
4
Let p(u) = 13*u**2 - 9*u + 8. Let y be p(-7). Suppose l - 360 = q, -l + 5*q = l - y. What is the hundreds digit of l?
3
What is the hundreds digit of 14/(196/(-126)) + 2721?
7
Let g(r) = r**2 - r - 7. Let c be g(3). Let l be (c - -9)/(3 + (-2)/2). Suppose -5*v + 6*w + 40 = w, l*v - 4 = -3*w. What is the units digit of v?
4
Suppose 4*b + 38*p = 34*p + 72, 0 = b - p - 14. What is the hundreds digit of b/(-6)*1620/(-20)?
2
Let b = -23 - -17. Let x be -2 - b - 134/(-2). Suppose -s = -4*r - x, 4*s - 3*s = 3*r + 67. What is the tens digit of s?
5
Suppose -9*i = 11*i + 4200. Let o = 274 + i. What is the units digit of o?
4
Suppose 45*m = 42243 - 6632 + 162749. What is the tens digit of m?
0
Let p be (20/6)/((32/(-12))/8). Let g be 1 + 14*(-415)/p. Suppose 4*t + 5*u - g = -10, 456 = 3*t - 3*u. What is the hundreds digit of t?
1
Let d(m) = 118*m + 11380. What is the thousands digit of d(-29)?
7
Let m be (3 - (-9573)/6) + 3/(-2). Suppose -3*z = -6 - 0, 0 = 5*p + z - m. What is the tens digit of p?
1
Let d = 47412 + -28149. What is the hundreds digit of d?
2
Suppose 0 = j + 2*v - 2446, -3*j + 12219 = 2*j - v. What is the tens digit of j?
4
Let t = 90 + -86. Let n(f) = f**3 - 3*f**2 - 4*f + 5. What is the units digit of n(t)?
5
Let a(p) = 10*p**2 - 2*p + 12. Let v = -13 + 7. Let u be a(v). Suppose -15*j - u = -19*j. What is the tens digit of j?
9
Let h(a) be the first derivative of 13*a**3/3 + a**2 - 4979. Let y = 11 - 7. What is the units digit of h(y)?
6
Let q(l) = 5*l**2 - 11*l + 17104. What is the units digit of q(0)?
4
Suppose 6*c - 34552 = 5*o, 5*c + 11*o - 28830 = 6*o. What is the thousands digit of c?
5
Let d be 295 - 5*-8*(-1)/10. Suppose 4*k - 5*h - 1293 = 0, -5*h + d = k - 51. What is the hundreds digit of k?
3
Suppose -3*v + 139 = 3*h - 206, -v + 4 = 0. What is the tens digit of h?
1
What is the units digit of (4/(-6) - 1/(-3)) + 316319/69?
4
Let l = 29372 - 15661. What is the hundreds digit of l?
7
Let t = -53 - -56. Suppose -6 = 2*j - 4*d, 0*j + t*d - 7 = j. Suppose -o - 522 = -5*l + o, -5*l = j*o - 515. What is the tens digit of l?
0
Let g be 3 + -8 - 12/(-8)*6. Suppose -4*b + g*x = -2760, b - 451 - 241 = 3*x. What is the hundreds digit of b?
6
Suppose -164624 = -7*b - 135476. What is the units digit of b?
4
Suppose 7*h + 4*q = 4*h + 318, -3*q - 229 = -2*h. Suppose -4*t = -3*t. Suppose t*c + h = c. What is the hundreds digit of c?
1
Let z(g) = -9*g - 37. Let s be 7 + 4/(-1) - 2. Let m(h) = 1. Let c(a) = s*z(a) + 4*m(a). What is the units digit of c(-6)?
1
Suppose 69*p - 19*p + 36*p = 1825952. What is the hundreds digit of p?
2
Let p = -6723 - -9584. What is the hundreds digit of p?
8
Let g(f) = 161*f**2 + 56*f - 404. What is the units digit of g(9)?
1
Suppose 7*f - 10*f + 17 = 2*l, 0 = 2*f + 4*l - 22. What is the tens digit of (3/(-6))/(f/(-954))?
5
Let g(j) = -j**2 + j + 4. Let x be g(3). Let k be x - (-9 + 9/3). Suppose 2*d - 398 = k*m, -d = -0*d + 3*m - 189. What is the units digit of d?
5
Let t be (2 - 7) + ((-5664)/4 - 2). Let h = t + 2625. What is the thousands digit of h?
1
Suppose 0 = u - 3*m - 36, -7*u + 4*u + 108 = -5*m. Let c = u + 42. What is the tens digit of c?
7
Let c(u) = -834*u - 7. Let h(i) = 834*i + 8. Let z(j) = -6*c(j) - 5*h(j). Let n be z(1). What is the tens digit of (n/(-33))/(2/(-3))?
3
What is the hundreds digit of ((-63)/14 + 374/68)/(1/1158)?
1
Let b(q) = -6*q**2 - 16*q - 47. Let k(p) = 63 - 201 - 15*p + 35 - 5*p**2 + 57. Let m(v) = 4*b(v) - 5*k(v). What is the